1/(-2) - (-3)/6. Let d = -38 - f. Calculate the highest common factor of d and l.
12
Let d = 48 - 45. What is the greatest common factor of d and 3?
3
Suppose 2*t + 350 = 4*t. Calculate the greatest common divisor of 35 and t.
35
Suppose 3*n = g - 2*n + 10, 4*n = -g + 35. Let m = g + -10. What is the highest common factor of m and 10?
5
Let g be -1 + 2 + (0 - -7). What is the greatest common divisor of g and 96?
8
Let c be (-2 + (-1 - 1))/(-2). Suppose -48 = -4*u + p, c*u - 10 - 14 = -3*p. Calculate the highest common divisor of 12 and u.
12
Let w = 8 + -2. Suppose w*i = i + 160. Let n(y) = -24*y. Let l be n(-2). What is the greatest common divisor of i and l?
16
Suppose -3*h + 8 = -1. Suppose -g + 12 = -h*i, -7*i = -4*g - 2*i + 55. Suppose 0 = w - 2*w + 15. What is the highest common divisor of g and w?
15
Let d(q) = -q**3 + 17*q**2 - 13*q - 16. Let u be d(16). Suppose 0 = 5*t + 4*s - 40, -3*t + 10*s = 5*s - 24. What is the highest common factor of t and u?
8
Let g(f) = -3*f + 25. Let l be g(0). What is the greatest common divisor of l and 25?
25
Let q be 14*(3 - (-38)/(-14)). Calculate the greatest common factor of q and 4.
4
Let d(w) = -w + 3. Let r be d(-8). Let v(t) = 9*t - 12. Let b be v(5). Calculate the greatest common divisor of b and r.
11
Suppose -4*s + 5*s - 3 = 0. Suppose -s*g = -6*g + 18. Calculate the greatest common divisor of g and 6.
6
Suppose -b + 20 = 2*b + z, 4*z = -3*b + 35. What is the greatest common factor of 30 and b?
5
Suppose -5*w + w = 8. Let y be w - 0 - -2 - -84. What is the highest common divisor of y and 21?
21
Let p be 2 - 5 - 1*-2. Let f(d) = 4*d**2. Let s be f(p). Calculate the highest common factor of s and 44.
4
Let r(f) = 4*f - 33. Let s be r(11). What is the highest common divisor of 55 and s?
11
Let g(x) = -x**3 - 6*x**2 - 5*x + 6. Let z be g(-5). Suppose -i = -z*i + 25. Let l = i + -2. Calculate the greatest common divisor of 2 and l.
1
Suppose -n = 3*w - 6 - 22, -n = -w - 12. Calculate the highest common divisor of n and 80.
16
Let w(i) = 2*i + 2. Let u be w(11). Calculate the highest common divisor of u and 16.
8
Let p = 106 + -30. What is the greatest common factor of 57 and p?
19
Let g = 3 - -6. Let k be g/6*3*4. Calculate the greatest common divisor of 126 and k.
18
Let p = -4 - -22. Suppose -5*n = -5*z + 70, -2*z + 2*n + 14 = 7*n. What is the highest common divisor of z and p?
6
Suppose -v + 31 = 4*v - 3*z, v = -2*z + 1. Suppose v = y - 6*y. Let q = 4 + y. Calculate the greatest common divisor of 27 and q.
3
Let b be 8*(-2)/(-4) + 3. Suppose b*k = 2*k + 75. What is the highest common factor of k and 3?
3
Let r be -3 + (-93)/6*-2. Calculate the greatest common divisor of 14 and r.
14
Let i = 61 - 6. Calculate the greatest common divisor of i and 5.
5
Let v(i) = -2*i - 6. Let z be v(-6). What is the highest common factor of 4 and z?
2
Let y = -6 + 14. Let c be ((-18)/y)/((-6)/64). Suppose 2*s = -3*t + 52, 4*s = 3*t - t - c. What is the highest common factor of t and 80?
16
Let h be 9 + 1 - -4 - 4. What is the greatest common factor of h and 100?
10
Suppose 2*y = -3*g + 25, -3*g - 20 = 5*y - 105. What is the highest common divisor of y and 160?
20
Suppose 4*d - 2*l - 66 = 0, 28 + 26 = 4*d + 2*l. Suppose f = 1, 4*x - 2*f - 167 - 131 = 0. Calculate the greatest common divisor of x and d.
15
Suppose -3*r + y + 26 = -84, 4*y - 168 = -4*r. Calculate the greatest common factor of r and 19.
19
Let r = -10 + 42. What is the greatest common factor of r and 48?
16
Let c(t) = 2*t**2 - 2*t. Let y = 9 + -7. Let n be c(y). Calculate the greatest common divisor of 4 and n.
4
Suppose 4*g + 48 = 5*g. What is the greatest common factor of 6 and g?
6
Let x(t) = -5*t + 8. Let b(g) = 2*g - 4. Let w(u) = 14*b(u) + 6*x(u). Let f be w(-7). Let n be -18*(1 - 57/f). Calculate the highest common divisor of n and 17.
17
Suppose -3*v - 12 = -0. Let s be v - (2 + -4) - -38. What is the greatest common divisor of 4 and s?
4
Suppose -5*g + 72 = -18. Suppose -2*n - g = -4*k, -5*k - 5 + 20 = -4*n. What is the highest common factor of 49 and k?
7
Let a = -148 - -242. Suppose 3*t = j - 14, -5*j + 2*t + 2 = -a. What is the highest common divisor of 10 and j?
10
Suppose 0 = b + 3*b - i - 100, 5*i = -2*b + 28. Let c be -1*2 + -1 + 6. Calculate the highest common factor of c and b.
3
Suppose -w + 25 + 15 = 2*b, -170 = -5*w - 4*b. Suppose -2*q = -3*t + 9, -3 = -t + 3*q - 8*q. What is the highest common divisor of w and t?
3
Suppose -4*x - 50 = x. Let r be 4/x - 484/(-10). Let q be ((-12)/7)/(8/(-56)). What is the greatest common factor of q and r?
12
Suppose -2*w + 0*s = -3*s - 1, 5*w = 3*s + 7. Let f be w/5 + 1990/25. What is the greatest common divisor of 16 and f?
16
Suppose 5*d + 19 = 3*r, -r + 3*d + 7 = d. Suppose -w = -5*w + 132. Calculate the greatest common factor of r and w.
3
Let k(j) be the third derivative of j**5/30 - j**4/12 - 2*j**3/3 - 3*j**2. Let t be k(-4). Calculate the highest common divisor of 12 and t.
12
Let n be -1*1*-1 - -6. Suppose -6*f = -3*f. Let g(x) = x**2 - x + 56. Let v be g(f). What is the highest common factor of n and v?
7
Suppose 2*w - 3*m - 49 - 160 = 0, -2*w - m = -229. Calculate the greatest common divisor of w and 14.
14
Suppose 0 = -3*y + 5*q + 30, -4 = -y + q + 4. Suppose -y*t = -28 - 22. Calculate the highest common divisor of t and 10.
10
Let q = 12 - 4. Suppose -4*o + 5*m + 32 = -o, -5*m = 3*o + q. Suppose -o*g - 100 = -x, -g + 3*g = -x + 118. Calculate the highest common factor of x and 14.
14
Suppose 5*v + 25 = -4*x, -2*v = -2*x - 0*x + 10. Suppose -4*g + x*g = -840. Suppose -l + g = 4*l. Calculate the highest common factor of l and 28.
14
Suppose 4*w = -3*f - 41, -2*w - w - 4*f = 36. Let m = 20 + w. Calculate the greatest common factor of 30 and m.
6
Let s be 1/(-4) - (-75)/12. Calculate the highest common divisor of 3 and s.
3
Suppose -3*i + 3*z + 126 = 0, -45 = -3*i - z + 85. What is the greatest common factor of 43 and i?
43
Suppose -4*s + 5*s - 54 = 0. Calculate the greatest common divisor of s and 18.
18
Suppose p + 2*b + b - 27 = 0, 3*p - 3*b = 21. Let j = p + -7. Suppose 5*n + 16 = -4*q + 42, q - j*n = -6. What is the greatest common divisor of q and 16?
4
Let j be (16/10)/((-4)/(-10)). What is the greatest common factor of j and 1?
1
Let o = 7 + -5. Suppose x + 0*x + 4*f = -9, -o*f - 36 = -4*x. Calculate the greatest common factor of x and 28.
7
Let d = 147 + -132. What is the greatest common factor of d and 15?
15
Suppose 0 = -a + 4*a - 249. Let b be a - (2 + 3 - 2). Calculate the greatest common divisor of 16 and b.
16
Let u be (-81)/(-15)*(6 + -1). What is the highest common divisor of u and 54?
27
Let w = -14 - -28. Suppose -3*c = -8 - 118. What is the highest common factor of w and c?
14
Let p(j) = 6*j - 28. Let k be p(7). What is the greatest common factor of 21 and k?
7
Suppose -5*n = -4*n - 3, -4*p - 3*n - 47 = 0. Let t = -2 - p. Calculate the highest common factor of 96 and t.
12
Let m(d) = -5 + 5 + 2 + 3*d + d**2 + 1. Let h be m(-4). Let r = h + -5. What is the greatest common factor of r and 1?
1
Suppose 4*g = -4*s + 24 - 8, 0 = 5*s + g - 4. Let t = -14 - -38. Suppose s*z - t = -2*z. What is the greatest common divisor of 8 and z?
4
Let b(y) = 15*y**3 + 2*y - 2. Let v be b(1). Calculate the greatest common factor of 10 and v.
5
Let o be ((-48)/(-10))/((66/60)/11). Let a = -42 + 74. Calculate the highest common factor of o and a.
16
Let b be 1 + (-1)/(3/(-18)). Let a be (6/b)/((-8)/(-56)). What is the greatest common divisor of a and 6?
6
Let b be 4/6 - 6706/(-21). Suppose 5*t = t + b. What is the highest common factor of 20 and t?
20
Let h(b) = -3*b**3 + 3*b**2 + 3*b + 1. Let f be (-3*3/(-9))/1. Suppose -3*p = 10 - f. Let m be h(p). What is the greatest common factor of 40 and m?
20
Suppose -14 = -3*r - 5. Let d be r + -3 + -3 - -102. Suppose 0*a - l + 26 = 3*a, l = -5*a + 44. Calculate the greatest common factor of a and d.
9
Let i = -4 - -9. Let q = i - -3. Calculate the highest common divisor of q and 12.
4
Suppose -3*h - 1 = -25. Calculate the highest common factor of 16 and h.
8
Let y(i) = 24*i - 2. Let l be y(3). Let o = 3 - 0. Let z = o - -7. Calculate the highest common factor of z and l.
10
Let z = -16 - -21. Let v be ((-14)/(-4))/(z/20). Let o = 16 + 12. What